{"id":260,"date":"2020-01-11T16:09:02","date_gmt":"2020-01-11T15:09:02","guid":{"rendered":"http:\/\/jfpiquet.com\/?page_id=260"},"modified":"2020-01-11T16:11:31","modified_gmt":"2020-01-11T15:11:31","slug":"que-fait-on-du-monde-2016-2","status":"publish","type":"page","link":"https:\/\/jfpiquet.com\/?page_id=260","title":{"rendered":"Que fait-on du monde ? (2016)"},"content":{"rendered":"\n<p>\u00c9l\u00e9gie pour quarante et quelques villes<br>\u00c9ditions Rhubarbe, 2016.<br>Recueil de proses inspir\u00e9es de l\u2019actualit\u00e9 du monde. Version revue et augment\u00e9e.<br>Photo de couverture&nbsp;: Nicolas Rouxel-Chaurey.<br>Quatri\u00e8me de couverture&nbsp;: Michel S\u00e9onnet. <\/p>\n\n\n\n<hr class=\"wp-block-separator\"\/>\n\n\n\n<p>Extraits et coupures de presse sur la page : <em><a href=\"https:\/\/jfpiquet.com\/?page_id=249\">Que fait-on du monde ?<\/a><\/em><\/p>\n","protected":false},"excerpt":{"rendered":"<p>\u00c9l\u00e9gie pour quarante et quelques villes\u00c9ditions Rhubarbe, 2016.Recueil de proses inspir\u00e9es de l\u2019actualit\u00e9 du monde. Version revue et augment\u00e9e.Photo de couverture&nbsp;: Nicolas [&hellip;]<\/p>\n","protected":false},"author":2,"featured_media":0,"parent":0,"menu_order":0,"comment_status":"closed","ping_status":"closed","template":"","meta":[],"_links":{"self":[{"href":"https:\/\/jfpiquet.com\/index.php?rest_route=\/wp\/v2\/pages\/260"}],"collection":[{"href":"https:\/\/jfpiquet.com\/index.php?rest_route=\/wp\/v2\/pages"}],"about":[{"href":"https:\/\/jfpiquet.com\/index.php?rest_route=\/wp\/v2\/types\/page"}],"author":[{"embeddable":true,"href":"https:\/\/jfpiquet.com\/index.php?rest_route=\/wp\/v2\/users\/2"}],"replies":[{"embeddable":true,"href":"https:\/\/jfpiquet.com\/index.php?rest_route=%2Fwp%2Fv2%2Fcomments&post=260"}],"version-history":[{"count":3,"href":"https:\/\/jfpiquet.com\/index.php?rest_route=\/wp\/v2\/pages\/260\/revisions"}],"predecessor-version":[{"id":264,"href":"https:\/\/jfpiquet.com\/index.php?rest_route=\/wp\/v2\/pages\/260\/revisions\/264"}],"wp:attachment":[{"href":"https:\/\/jfpiquet.com\/index.php?rest_route=%2Fwp%2Fv2%2Fmedia&parent=260"}],"curies":[{"name":"wp","href":"https:\/\/api.w.org\/{rel}","templated":true}]}}