{"id":223,"date":"2020-01-11T15:50:08","date_gmt":"2020-01-11T14:50:08","guid":{"rendered":"http:\/\/jfpiquet.com\/?page_id=223"},"modified":"2020-01-11T15:53:55","modified_gmt":"2020-01-11T14:53:55","slug":"fenetres","status":"publish","type":"page","link":"https:\/\/jfpiquet.com\/?page_id=223","title":{"rendered":"Fen\u00eatres"},"content":{"rendered":"\n<p>Gravures de Michel M\u00e9nard.<br>\u00c9ditions M\u00e9taphore A3, 1998 (publi\u00e9 avec l&rsquo;aide du Centre national du livre).<br>Ouvrage \u00e9puis\u00e9 chez l\u2019\u00e9diteur. Quelques exemplaires encore disponibles \u00e0 commander directement aupr\u00e8s de l\u2019auteur. <\/p>\n\n\n\n<div class=\"wp-block-image\"><figure class=\"aligncenter\"><img decoding=\"async\" loading=\"lazy\" width=\"212\" height=\"300\" src=\"https:\/\/jfpiquet.com\/wp-content\/uploads\/2020\/01\/Fenetres98-212x300.jpg\" alt=\"\" class=\"wp-image-229\" srcset=\"https:\/\/jfpiquet.com\/wp-content\/uploads\/2020\/01\/Fenetres98-212x300.jpg 212w, https:\/\/jfpiquet.com\/wp-content\/uploads\/2020\/01\/Fenetres98-768x1089.jpg 768w, https:\/\/jfpiquet.com\/wp-content\/uploads\/2020\/01\/Fenetres98-722x1024.jpg 722w, https:\/\/jfpiquet.com\/wp-content\/uploads\/2020\/01\/Fenetres98.jpg 1097w\" sizes=\"(max-width: 212px) 100vw, 212px\" \/><\/figure><\/div>\n\n\n\n<p><em>Pr\u00e9face<\/em><\/p>\n\n\n\n<p>Ouverture sur le monde, la fen\u00eatre est \u00e9galement miroir qui retourne au regardant sa propre image dans l\u2019attente ou l\u2019observation. Il en va de m\u00eame pour certaines \u0153uvres picturales et notamment pour celle de Michel M\u00e9nard. Abstraite sans \u00eatre obscure, elle s\u2019ouvre sans r\u00e9sister au regard, \u00e0 n\u2019importe quel regard. Puis, quand tout semble vu, quand on croit avoir \u00ab&nbsp;compris&nbsp;\u00bb l\u2019image propos\u00e9e par l\u2019artiste, un d\u00e9tail accroche l\u2019\u0153il et, presque selon le proc\u00e9d\u00e9 de la mise en abyme, donne \u00e0 voir l\u2019ensemble sous un nouvel \u00e9clairage. Il va sans dire \u2013 et c\u2019est l\u00e0 que l\u2019\u0153uvre se fait miroir \u2013 que ce d\u00e9tail n\u2019existe qu\u2019au regard complice, c\u2019est-\u00e0-dire au regard de celui qui a voulu projeter quelque chose de lui sur l\u2019image.<\/p>\n\n\n\n<p>Dans les petites proses du pr\u00e9sent recueil, il est de ces mots, de ces expressions \u00ab&nbsp;miroir&nbsp;\u00bb qui peuvent renvoyer au lecteur une image par lui seul visible, car n\u00e9e de son propre regard. Les monotypes ex\u00e9cut\u00e9s par Michel M\u00e9nard et reproduits vis-\u00e0-vis des textes sont l\u2019illustration de rencontres survenues entre son regard et certains de ces miroirs. <\/p>\n\n\n\n<hr class=\"wp-block-separator\"\/>\n\n\n\n<p><em>Extrait<\/em><\/p>\n\n\n\n<p>\u00ab&nbsp;Toujours attendant, debout, le front plaqu\u00e9 contre la vitre embu\u00e9e d\u2019un temple clos, spectateur insatiable, voyeur&nbsp;; ou bien assis pendant des heures et des jours \u00e0 une table encombr\u00e9e de feuilles ratur\u00e9es, froiss\u00e9es, mortes, comme bient\u00f4t le seront celles des arbres du boulevard d\u2019en bas, que les passants pi\u00e9tinent jusqu\u2019\u00e0 ce qu\u2019elles se fondent avec la terre humide&nbsp;: alors, il ne restera plus rien d\u2019une saison que lui, po\u00e8te, n\u2019aura pas v\u00e9cue&#8230;&nbsp;\u00bb <\/p>\n\n\n\n<div class=\"wp-block-image\"><figure class=\"aligncenter\"><a href=\"https:\/\/jfpiquet.com\/wp-content\/uploads\/2020\/01\/fenetres1.jpg\"><img decoding=\"async\" loading=\"lazy\" width=\"300\" height=\"207\" src=\"https:\/\/jfpiquet.com\/wp-content\/uploads\/2020\/01\/fenetres1-300x207.jpg\" alt=\"\" class=\"wp-image-231\" srcset=\"https:\/\/jfpiquet.com\/wp-content\/uploads\/2020\/01\/fenetres1-300x207.jpg 300w, https:\/\/jfpiquet.com\/wp-content\/uploads\/2020\/01\/fenetres1-768x530.jpg 768w, https:\/\/jfpiquet.com\/wp-content\/uploads\/2020\/01\/fenetres1.jpg 1016w\" sizes=\"(max-width: 300px) 100vw, 300px\" \/><\/a><\/figure><\/div>\n\n\n\n<p><em>Coupure de presse<\/em><\/p>\n\n\n\n<p>\u00ab&nbsp;Ces petites proses, d\u00e9licates et l\u00e9g\u00e8res, illustr\u00e9es par autant de monotypes de Michel M\u00e9nard, nous renvoient ces images de pluie ou de col\u00e8re, de printemps ou d\u2019agonie. Comme un regard, le n\u00f4tre, perdu parfois dans le miroir. (&#8230;) un recueil que petits et grands lecteurs auront, sans nul doute, plaisir \u00e0 grignoter. Comme une gourmandise.&nbsp;\u00bb<br>Vincent BRAUD<br><em>Talents 44<\/em>, mars 1998 <\/p>\n","protected":false},"excerpt":{"rendered":"<p>Gravures de Michel M\u00e9nard.\u00c9ditions M\u00e9taphore A3, 1998 (publi\u00e9 avec l&rsquo;aide du Centre national du livre).Ouvrage \u00e9puis\u00e9 chez l\u2019\u00e9diteur. Quelques exemplaires encore disponibles [&hellip;]<\/p>\n","protected":false},"author":2,"featured_media":227,"parent":0,"menu_order":0,"comment_status":"closed","ping_status":"closed","template":"","meta":[],"_links":{"self":[{"href":"https:\/\/jfpiquet.com\/index.php?rest_route=\/wp\/v2\/pages\/223"}],"collection":[{"href":"https:\/\/jfpiquet.com\/index.php?rest_route=\/wp\/v2\/pages"}],"about":[{"href":"https:\/\/jfpiquet.com\/index.php?rest_route=\/wp\/v2\/types\/page"}],"author":[{"embeddable":true,"href":"https:\/\/jfpiquet.com\/index.php?rest_route=\/wp\/v2\/users\/2"}],"replies":[{"embeddable":true,"href":"https:\/\/jfpiquet.com\/index.php?rest_route=%2Fwp%2Fv2%2Fcomments&post=223"}],"version-history":[{"count":6,"href":"https:\/\/jfpiquet.com\/index.php?rest_route=\/wp\/v2\/pages\/223\/revisions"}],"predecessor-version":[{"id":234,"href":"https:\/\/jfpiquet.com\/index.php?rest_route=\/wp\/v2\/pages\/223\/revisions\/234"}],"wp:featuredmedia":[{"embeddable":true,"href":"https:\/\/jfpiquet.com\/index.php?rest_route=\/wp\/v2\/media\/227"}],"wp:attachment":[{"href":"https:\/\/jfpiquet.com\/index.php?rest_route=%2Fwp%2Fv2%2Fmedia&parent=223"}],"curies":[{"name":"wp","href":"https:\/\/api.w.org\/{rel}","templated":true}]}}