{"id":215,"date":"2020-01-11T15:47:11","date_gmt":"2020-01-11T14:47:11","guid":{"rendered":"http:\/\/jfpiquet.com\/?page_id=215"},"modified":"2020-01-11T15:49:26","modified_gmt":"2020-01-11T14:49:26","slug":"une-histoire-dalibelle","status":"publish","type":"page","link":"https:\/\/jfpiquet.com\/?page_id=215","title":{"rendered":"Une histoire d&rsquo;Alibelle"},"content":{"rendered":"\n<p>Conte illustr\u00e9 par Philippe Merlev\u00e8de<br>\u00c9ditions Le d\u00e9 bleu, 1996.<br>Ouvrage \u00e9puis\u00e9 chez l\u2019\u00e9diteur. Quelques exemplaires encore disponibles \u00e0 commander directement aupr\u00e8s de l\u2019auteur.<\/p>\n\n\n\n<div class=\"wp-block-image\"><figure class=\"aligncenter\"><img decoding=\"async\" loading=\"lazy\" width=\"292\" height=\"300\" src=\"https:\/\/jfpiquet.com\/wp-content\/uploads\/2020\/01\/Alibelle-96-292x300.jpg\" alt=\"\" class=\"wp-image-219\" srcset=\"https:\/\/jfpiquet.com\/wp-content\/uploads\/2020\/01\/Alibelle-96-292x300.jpg 292w, https:\/\/jfpiquet.com\/wp-content\/uploads\/2020\/01\/Alibelle-96-768x789.jpg 768w, https:\/\/jfpiquet.com\/wp-content\/uploads\/2020\/01\/Alibelle-96-997x1024.jpg 997w, https:\/\/jfpiquet.com\/wp-content\/uploads\/2020\/01\/Alibelle-96.jpg 1489w\" sizes=\"(max-width: 292px) 100vw, 292px\" \/><\/figure><\/div>\n\n\n\n<p><em>Coupure de presse<\/em><\/p>\n\n\n\n<p>\u00ab&nbsp;Ce livre s\u00e9duira par sa modestie gracieuse, que ce soit au niveau de l\u2019histoire ou des dessins au crayon et crayon de couleur. Se m\u00ealent la pr\u00e9occupation de l\u2019auteur, parler d\u2019un milieu naturel (le marais d\u2019Itteville), riche d\u2019une faune qu\u2019Alibelle apprend \u00e0 conna\u00eetre, et son souci de raconter une histoire (&#8230;)&nbsp;\u00bb<br>Marie-Jos\u00e9 MINASSIAN<br><em>Journal des instituteurs<\/em><\/p>\n\n\n\n<hr class=\"wp-block-separator\"\/>\n\n\n\n<p><em>Une histoire d&rsquo;Alibelle<\/em>&nbsp;a \u00e9t\u00e9 s\u00e9lectionn\u00e9 pour les Totems \u00ab&nbsp;Albums&nbsp;\u00bb<br>au Salon 1997 du livre de jeunesse de Montreuil. <\/p>\n","protected":false},"excerpt":{"rendered":"<p>Conte illustr\u00e9 par Philippe Merlev\u00e8de\u00c9ditions Le d\u00e9 bleu, 1996.Ouvrage \u00e9puis\u00e9 chez l\u2019\u00e9diteur. Quelques exemplaires encore disponibles \u00e0 commander directement aupr\u00e8s de l\u2019auteur. [&hellip;]<\/p>\n","protected":false},"author":2,"featured_media":219,"parent":0,"menu_order":0,"comment_status":"closed","ping_status":"closed","template":"","meta":[],"_links":{"self":[{"href":"https:\/\/jfpiquet.com\/index.php?rest_route=\/wp\/v2\/pages\/215"}],"collection":[{"href":"https:\/\/jfpiquet.com\/index.php?rest_route=\/wp\/v2\/pages"}],"about":[{"href":"https:\/\/jfpiquet.com\/index.php?rest_route=\/wp\/v2\/types\/page"}],"author":[{"embeddable":true,"href":"https:\/\/jfpiquet.com\/index.php?rest_route=\/wp\/v2\/users\/2"}],"replies":[{"embeddable":true,"href":"https:\/\/jfpiquet.com\/index.php?rest_route=%2Fwp%2Fv2%2Fcomments&post=215"}],"version-history":[{"count":4,"href":"https:\/\/jfpiquet.com\/index.php?rest_route=\/wp\/v2\/pages\/215\/revisions"}],"predecessor-version":[{"id":222,"href":"https:\/\/jfpiquet.com\/index.php?rest_route=\/wp\/v2\/pages\/215\/revisions\/222"}],"wp:featuredmedia":[{"embeddable":true,"href":"https:\/\/jfpiquet.com\/index.php?rest_route=\/wp\/v2\/media\/219"}],"wp:attachment":[{"href":"https:\/\/jfpiquet.com\/index.php?rest_route=%2Fwp%2Fv2%2Fmedia&parent=215"}],"curies":[{"name":"wp","href":"https:\/\/api.w.org\/{rel}","templated":true}]}}